ase 10.
-3
Convert 121 (base 11) to base 9.
170
58 (base 13) to base 11
67
What is -2 (base 9) in base 5?
-2
Convert -1131 (base 5) to base 12.
-11a
1e (base 15) to base 9
32
What is -17 (base 11) in base 13?
-15
What is -32 (base 5) in base 6?
-25
What is 0 (base 7) in base 9?
0
38 (base 14) to base 12
42
77 (base 11) to base 2
1010100
Convert 3 (base 7) to base 3.
10
What is -2 (base 12) in base 4?
-2
What is -2 (base 13) in base 16?
-2
4 (base 16) to base 10
4
1134 (base 5) to base 2
10101001
-1120 (base 5) to base 3
-12221
What is -9 (base 16) in base 5?
-14
Convert 201 (base 6) to base 3.
2201
Convert 101010 (base 2) to base 13.
33
-101111 (base 2) to base 10
-47
Convert 76 (base 12) to base 5.
330
110 (base 3) to base 2
1100
Convert a (base 15) to base 3.
101
What is 371 (base 9) in base 3?
102101
-104 (base 13) to base 4
-2231
Convert -10002 (base 3) to base 11.
-76
Convert 24 (base 10) to base 16.
18
6 (base 10) to base 3
20
What is -1 (base 9) in base 2?
-1
What is 2 (base 8) in base 11?
2
Convert 0 (base 13) to base 16.
0
Convert 140 (base 5) to base 8.
55
26 (base 9) to base 8
30
What is 134 (base 7) in base 12?
62
1001 (base 2) to base 15
9
What is 61 (base 8) in base 12?
41
-51 (base 8) to base 6
-105
55 (base 9) to base 5
200
18a (base 14) to base 5
2233
What is -28 (base 9) in base 11?
-24
What is 0 (base 4) in base 5?
0
What is 10 (base 3) in base 5?
3
Convert -123 (base 8) to base 10.
-83
125 (base 9) to base 7
206
What is 10 (base 8) in base 12?
8
What is -111 (base 2) in base 6?
-11
Convert -73 (base 11) to base 6.
-212
What is 113 (base 9) in base 6?
233
Convert -1 (base 7) to base 9.
-1
8 (base 11) to base 12
8
Convert 94 (base 11) to base 14.
75
133 (base 9) to base 10
111
Convert -4 (base 15) to base 16.
-4
Convert -1000100 (base 2) to base 11.
-62
What is -10 (base 3) in base 5?
-3
Convert -1c (base 16) to base 5.
-103
1a (base 13) to base 4
113
Convert -5 (base 8) to base 2.
-101
1001 (base 4) to base 6
145
What is -5 (base 6) in base 3?
-12
54 (base 9) to base 16
31
What is -5 (base 9) in base 8?
-5
What is -1 (base 15) in base 13?
-1
What is 9 (base 12) in base 7?
12
What is 1 (base 15) in base 13?
1
What is 130 (base 4) in base 3?
1001
-5 (base 11) to base 16
-5
-e (base 15) to base 11
-13
Convert -12 (base 3) to base 13.
-5
-1 (base 10) to base 7
-1
What is 78 (base 14) in base 3?
10221
Convert 8 (base 13) to base 8.
10
-5 (base 15) to base 7
-5
Convert 18 (base 9) to base 2.
10001
4 (base 15) to base 6
4
2002 (base 3) to base 2
111000
d (base 15) to base 12
11
3b (base 14) to base 4
311
What is -1130 (base 4) in base 11?
-84
What is 332 (base 6) in base 16?
80
Convert -3 (base 5) to base 7.
-3
What is b (base 14) in base 3?
102
-1202 (base 3) to base 5
-142
What is -3 (base 15) in base 6?
-3
What is 42 (base 5) in base 13?
19
12 (base 4) to base 8
6
3 (base 12) to base 4
3
7 (base 15) to base 8
7
Convert -3 (base 13) to base 11.
-3
-2 (base 6) to base 10
-2
What is 31 (base 4) in base 13?
10
Convert -6 (base 14) to base 16.
-6
Convert -3 (base 15) to base 12.
-3
What is -21 (base 7) in base 9?
-16
Convert 22 (base 4) to base 10.
10
Convert 2 (base 12) to base 4.
2
-121 (base 3) to base 2
-10000
Convert 114 (base 6) to base 2.
101110
Convert 7 (base 11) to base 7.
10
Convert -50 (base 8) to base 4.
-220
13 (base 6) to base 9
10
0 (base 8) to base 2
0
What is 4 (base 6) in base 3?
11
What is -5 (base 13) in base 15?
-5
1023 (base 6) to base 10
231
What is -2a (base 13) in base 5?
-121
What is 110110 (base 2) in base 7?
105
What is -111 (base 4) in base 7?
-30
-58 (base 12) to base 2
-1000100
What is -11 (base 6) in base 13?
-7
-18 (base 10) to base 9
-20
What is 4 (base 10) in base 15?
4
11 (base 4) to base 13
5
What is -db (base 15) in base 4?
-3032
-5 (base 13) to base 8
-5
14 (base 13) to base 14
13
What is -12 (base 10) in base 14?
-c
What is 150 (base 9) in base 13?
99
What is 18 (base 10) in base 7?
24
-35 (base 16) to base 6
-125
Convert -8 (base 13) to base 9.
-8
Convert -7 (base 15) to base 3.
-21
What is 7 (base 11) in base 5?
12
Convert 420 (base 5) to base 13.
86
1 (base 16) to base 10
1
What is -3 (base 4) in base 11?
-3
-b (base 14) to base 8
-13
What is 244 (base 5) in base 11?
68
What is 24 (base 12) in base 14?
20
Convert -313 (base 5) to base 7.
-146
What is 101 (base 2) in base 15?
5
-7 (base 13) to base 6
-11
57 (base 11) to base 6
142
a (base 12) to base 4
22
f (base 16) to base 11
14
Convert -23 (base 10) to base 12.
-1b
Convert 12 (base 3) to base 14.
5
72 (base 14) to base 15
6a
Convert -8 (base 11) to base 13.
-8
What is 23 (base 9) in base 11?
1a
What is -100 (base 2) in base 9?
-4
-10 (base 6) to base 3
-20
Convert 44 (base 16) to base 8.
104
31 (base 14) to base 2
101011
-3 (base 12) to base 7
-3
What is -23 (base 16) in base 13?
-29
-2 (base 10) to base 4
-2
0 (base 7) to base 5
0
1 (base 11) to base 2
1
Convert -18 (base 14) to base 7.
-31
What is -39 (base 10) in base 3?
-1110
1 (base 3) to base 7
1
What is 1020 (base 6) in base 16?
e4
15 (base 9) to base 8
16
-44 (base 8) to base 6
-100
Convert 100000 (base 2) to base 9.
35
112 (base 4) to base 7
31
What is 3 (base 16) in base 6?
3
-22b (base 12) to base 3
-102222
-34 (base 15) to base 16
-31
Convert -10 (base 7) to base 6.
-11
1011 (base 3) to base 16
1f
What is -73 (base 12) in base 5?
-322
30 (base 15) to base 7
63
3 (base 16) to base 8
3
1002 (base 5) to base 4
1333
-1 (base 14) to base 2
-1
What is -9 (base 13) in base 4?
-21
What is 111100 (base 2) in base 15?
40
Convert 197 (base 12) to base 7.
520
12 (base 3) to base 12
5
What is 1100 (base 2) in base 14?
c
What is -2000 (base 5) in base 7?
-505
What is -2 (base 12) in base 5?
-2
Convert 178 (base 12) to base 2.
11101100
Convert 10 (base 2) to base 9.
2
What is -2 (base 12) in base 10?
-2
What is -5a (base 11) in base 16?
-41
What is 2 (base 15) in base 12?
2
2 (base 8) to base 9
2
36 (base 8) to base 4
132
Convert 5 (base 7) to base 2.
101
Convert -12 (base 6) to base 14.
-8
Convert 1010 (base 2) to base 3.
101
What is 22 (base 5) in base 8?
14
-59 (base 15) to base 13
-66
-3 (base 9) to base 13
-3
Convert -30 (base 16) to base 4.
-300
Convert 0 (base 14) to base 2.
0
What is 13 (base 12) in base 6?
23
8 (base 12) to base 7
11
1 (base 6) to base 15
1
What is 37 (base 13) in base 7?
64
Convert -464 (base 7) to base 15.
-112
Convert 3 (base 14) to base 7.
3
-1 (base 6) to base 7
-1
What is 138 (base 10) in base 12?
b6
What is 7 (base 8) in base 11?
7
-37 (base 14) to base 16
-31
What is 10 (base 3) in base 2?
11
What is -111 (base 3) in base 12?
-11
1 (base 4) to base 16
1
2 (base 13) to base 4
2
Convert -16 (base 7) to base 5.
-23
Convert 22 (base 13) to base 9.
31
Convert 7 (base 8) to base 10.
7
Convert 3 (base 6) to base 7.
3
Convert -45 (base 8) to base 13.
-2b
Convert 3 (base 9) to base 7.
3
-1 (base 16) to base 2
-1
Convert 5 (base 7) to base 10.
5
Convert 0 (base 6) to base 4.
0
What is -12 (base 9) in base 15?
-b
What is -110100 (base 2) in base 8?
-64
-14 (base 6) to base 4
-22
2 (base 9) to base 6
2
-5 (base 12) to base 8
-5
What is -e3 (base 16) in base 13?
-146
What is -111 (base 2) in base 4?
-13
270 (base 9) to base 13
144
What is 1 (base 4) in base 10?
1
-21 (base 3) to base 4
-13
-16 (base 11) to base 7
-23
What is 2 (base 4) in base 7?
2
What is -4 (base 8) in base 14?
-4
2 (base 12) to base 16
2
Convert -5 (base 6) to base 8.
-5
What is -5 (base 12) in base 4?
-11
2 (base 10) to base 5
2
What is -110 (base 3) in base 6?
-20
Convert -245 (base 10) to base 3.
-100002
-4 (base 16) to base 12
-4
19 (base 16) to base 2
11001
Convert 1 (base 15) to base 9.
1
2 (base 16) to base 15
2
Convert 11 (base 14) to base 6.
23
Convert 26 (base 15) to base 2.
100100
What is 2 (base 16) in base 4?
2
Convert 18 (base 12) to base 11.
19
-21 (base 8) to base 4
-101
Convert 42 (base 7) to base 6.
50
Convert -445 (base 6) to base 8.
-255
Convert -248 (base 9) to base 15.
-db
What is 0 (base 5) in base 2?
0
Convert -102 (base 3) to base 7.
-14
What is 118 (base 9) in base 3?
10122
Convert -202 (base 5) to base 13.
-40
-13 (base 10) to base 9
-14
-12 (base 7) to base 11
-9
What is -3 (base 6) in base 8?
-3
What is 43 (base 5) in base 15?
18
What is -12 (base 8) in base 16?
-a
Wh